{"id":280,"date":"2025-10-03T14:04:19","date_gmt":"2025-10-03T14:04:19","guid":{"rendered":"https:\/\/gns.fashion\/?post_type=product&#038;p=280"},"modified":"2026-02-03T21:40:19","modified_gmt":"2026-02-03T21:40:19","slug":"svetlucava-haljina-teget","status":"publish","type":"product","link":"https:\/\/gns.fashion\/index.php\/product\/svetlucava-haljina-teget\/","title":{"rendered":"Svetlucava teget haljina"},"content":{"rendered":"<p>Duga tamna haljina sa blagim svetlucavim efektom, du\u017eine ispod kolena. Jedini detalj predstavlja suptilno svetlucavi ornament na prednjem delu, koji dodaje dozu sve\u010danosti bez preteranog efekta. Izbalansirani dizajn \u010dini je idealnom za ve\u010dernje prilike gde je potrebna elegancija uz notu diskrecije.<\/p>\n","protected":false},"excerpt":{"rendered":"<p>Tamna haljina du\u017eine ispod kolena sa suptilnim svetlucavim detaljom. Elegantna i diskretna, pogodna za ve\u010dernje prilike.<\/p>\n","protected":false},"featured_media":431,"comment_status":"open","ping_status":"closed","template":"","meta":[],"product_brand":[],"product_cat":[15],"product_tag":[],"class_list":{"0":"post-280","1":"product","2":"type-product","3":"status-publish","4":"has-post-thumbnail","6":"product_cat-uncategorized","7":"pa_brojvelicine-bigsizebrojevi","8":"pa_duzinaartikla-duge","10":"first","11":"instock","12":"taxable","13":"shipping-taxable","14":"purchasable","15":"product-type-variable"},"jetpack_sharing_enabled":true,"s_badge_disabled_all":false,"s_badge_single_active":false,"badge_type":"type_custom","badge_custom_set_date":false,"badge_initial_date":"","badge_end_date":"","badge_new_days":"","badge_lowstock_low":"","badge_lowstock_medium":"","badge_text":"","badge_text_size":"","badge_text_color":"","badge_bg_color":"","badge_style":"badge_default","badge_position":"position_tl","_links":{"self":[{"href":"https:\/\/gns.fashion\/index.php\/wp-json\/wp\/v2\/product\/280","targetHints":{"allow":["GET"]}}],"collection":[{"href":"https:\/\/gns.fashion\/index.php\/wp-json\/wp\/v2\/product"}],"about":[{"href":"https:\/\/gns.fashion\/index.php\/wp-json\/wp\/v2\/types\/product"}],"replies":[{"embeddable":true,"href":"https:\/\/gns.fashion\/index.php\/wp-json\/wp\/v2\/comments?post=280"}],"wp:featuredmedia":[{"embeddable":true,"href":"https:\/\/gns.fashion\/index.php\/wp-json\/wp\/v2\/media\/431"}],"wp:attachment":[{"href":"https:\/\/gns.fashion\/index.php\/wp-json\/wp\/v2\/media?parent=280"}],"wp:term":[{"taxonomy":"product_brand","embeddable":true,"href":"https:\/\/gns.fashion\/index.php\/wp-json\/wp\/v2\/product_brand?post=280"},{"taxonomy":"product_cat","embeddable":true,"href":"https:\/\/gns.fashion\/index.php\/wp-json\/wp\/v2\/product_cat?post=280"},{"taxonomy":"product_tag","embeddable":true,"href":"https:\/\/gns.fashion\/index.php\/wp-json\/wp\/v2\/product_tag?post=280"}],"curies":[{"name":"wp","href":"https:\/\/api.w.org\/{rel}","templated":true}]}}